{"id":4093,"date":"2019-08-29T00:09:46","date_gmt":"2019-08-28T17:12:48","guid":{"rendered":"https:\/\/www.emoi-france.fr\/?post_type=product&#038;p=4093\/"},"modified":"2019-10-21T09:22:43","modified_gmt":"2019-10-21T02:22:43","slug":"crescent","status":"publish","type":"product","link":"https:\/\/www.emoi-france.fr\/fr\/produit\/crescent\/","title":{"rendered":"CRESCENT"},"content":{"rendered":"<p>Sac au crochet de Solene M, recycl\u00e9 \u00e0 partir de capsules de canettes. collection CRESCENT<\/p>\n<p>100% fait-main avec la doublure de haute qualit\u00e9 \u00e0 l\u2019int\u00e9rieur.<\/p>\n<p>L\u2019anse court en metal<\/p>\n<p>Poids: 500g<\/p>\n<p>Dimension: Largeur 34cm \/ Hauteur 17cm \/ Profondeur 11cm<\/p>\n<p>Deux couleurs disponibles: rouge et vert<\/p>\n<p>Livraison gratuite en France.<\/p>\n<p>Les accessoires E-MOI sont fabriqu\u00e9s avec une grande attention pour l\u2019environnement. Nos produits sont exclusifs et \u00e9thiques. Ils sont fabriqu\u00e9s par nos artisans locaux talentueux au Vietnam, en Tha\u00eflande et aux Philippines.<\/p>\n","protected":false},"excerpt":{"rendered":"<p>Sac au crochet de Solene M, recycl\u00e9 \u00e0 partir de capsules de canettes. collection CRESCENT<\/p>\n<p>100% fait-main avec la doublure de haute qualit\u00e9 \u00e0 l\u2019int\u00e9rieur.<\/p>\n<p>L\u2019anse court en metal<\/p>\n<p>Poids: 500g<\/p>\n<p>Dimension: Largeur 34cm \/ Hauteur 17cm \/ Profondeur 11cm<\/p>\n<p>Deux couleurs disponibles: rouge et vert<\/p>\n<p>Livraison gratuite en France.<\/p>\n","protected":false},"featured_media":4090,"comment_status":"closed","ping_status":"closed","template":"","meta":[],"product_cat":[314],"product_tag":[],"yoast_head":"<!-- This site is optimized with the Yoast SEO plugin v24.5 - https:\/\/yoast.com\/wordpress\/plugins\/seo\/ -->\n<title>CRESCENT - E-Moi<\/title>\n<meta name=\"robots\" content=\"index, follow, max-snippet:-1, max-image-preview:large, max-video-preview:-1\" \/>\n<link rel=\"canonical\" href=\"https:\/\/www.emoi-france.fr\/fr\/produit\/crescent\/\" \/>\n<meta property=\"og:locale\" content=\"fr_FR\" \/>\n<meta property=\"og:type\" content=\"article\" \/>\n<meta property=\"og:title\" content=\"CRESCENT - E-Moi\" \/>\n<meta property=\"og:description\" content=\"Sac au crochet de Solene M, recycl\u00e9 \u00e0 partir de capsules de canettes. collection CRESCENT  100% fait-main avec la doublure de haute qualit\u00e9 \u00e0 l\u2019int\u00e9rieur.  L\u2019anse court en metal  Poids: 500g  Dimension: Largeur 34cm \/ Hauteur 17cm \/ Profondeur 11cm  Deux couleurs disponibles: rouge et vert  Livraison gratuite en France.\" \/>\n<meta property=\"og:url\" content=\"https:\/\/www.emoi-france.fr\/fr\/produit\/crescent\/\" \/>\n<meta property=\"og:site_name\" content=\"E-Moi\" \/>\n<meta property=\"article:modified_time\" content=\"2019-10-21T02:22:43+00:00\" \/>\n<meta property=\"og:image\" content=\"https:\/\/www.emoi-france.fr\/wp-content\/uploads\/2019\/08\/SoleneM-poptab-crescent-rouge.jpg\" \/>\n\t<meta property=\"og:image:width\" content=\"666\" \/>\n\t<meta property=\"og:image:height\" content=\"666\" \/>\n\t<meta property=\"og:image:type\" content=\"image\/jpeg\" \/>\n<meta name=\"twitter:card\" content=\"summary_large_image\" \/>\n<script type=\"application\/ld+json\" class=\"yoast-schema-graph\">{\"@context\":\"https:\/\/schema.org\",\"@graph\":[{\"@type\":\"WebPage\",\"@id\":\"https:\/\/www.emoi-france.fr\/fr\/produit\/crescent\/\",\"url\":\"https:\/\/www.emoi-france.fr\/fr\/produit\/crescent\/\",\"name\":\"CRESCENT - E-Moi\",\"isPartOf\":{\"@id\":\"https:\/\/www.emoi-france.fr\/#website\"},\"primaryImageOfPage\":{\"@id\":\"https:\/\/www.emoi-france.fr\/fr\/produit\/crescent\/#primaryimage\"},\"image\":{\"@id\":\"https:\/\/www.emoi-france.fr\/fr\/produit\/crescent\/#primaryimage\"},\"thumbnailUrl\":\"https:\/\/www.emoi-france.fr\/wp-content\/uploads\/2019\/08\/SoleneM-poptab-crescent-rouge.jpg\",\"datePublished\":\"2019-08-28T17:12:48+00:00\",\"dateModified\":\"2019-10-21T02:22:43+00:00\",\"breadcrumb\":{\"@id\":\"https:\/\/www.emoi-france.fr\/fr\/produit\/crescent\/#breadcrumb\"},\"inLanguage\":\"fr-FR\",\"potentialAction\":[{\"@type\":\"ReadAction\",\"target\":[\"https:\/\/www.emoi-france.fr\/fr\/produit\/crescent\/\"]}]},{\"@type\":\"ImageObject\",\"inLanguage\":\"fr-FR\",\"@id\":\"https:\/\/www.emoi-france.fr\/fr\/produit\/crescent\/#primaryimage\",\"url\":\"https:\/\/www.emoi-france.fr\/wp-content\/uploads\/2019\/08\/SoleneM-poptab-crescent-rouge.jpg\",\"contentUrl\":\"https:\/\/www.emoi-france.fr\/wp-content\/uploads\/2019\/08\/SoleneM-poptab-crescent-rouge.jpg\",\"width\":666,\"height\":666},{\"@type\":\"BreadcrumbList\",\"@id\":\"https:\/\/www.emoi-france.fr\/fr\/produit\/crescent\/#breadcrumb\",\"itemListElement\":[{\"@type\":\"ListItem\",\"position\":1,\"name\":\"Home\",\"item\":\"https:\/\/www.emoi-france.fr\/fr\/\"},{\"@type\":\"ListItem\",\"position\":2,\"name\":\"Boutique en ligne\",\"item\":\"https:\/\/www.emoi-france.fr\/fr\/boutique\/\"},{\"@type\":\"ListItem\",\"position\":3,\"name\":\"CRESCENT\"}]},{\"@type\":\"WebSite\",\"@id\":\"https:\/\/www.emoi-france.fr\/#website\",\"url\":\"https:\/\/www.emoi-france.fr\/\",\"name\":\"E-Moi\",\"description\":\"\",\"potentialAction\":[{\"@type\":\"SearchAction\",\"target\":{\"@type\":\"EntryPoint\",\"urlTemplate\":\"https:\/\/www.emoi-france.fr\/?s={search_term_string}\"},\"query-input\":{\"@type\":\"PropertyValueSpecification\",\"valueRequired\":true,\"valueName\":\"search_term_string\"}}],\"inLanguage\":\"fr-FR\"}]}<\/script>\n<!-- \/ Yoast SEO plugin. -->","yoast_head_json":{"title":"CRESCENT - E-Moi","robots":{"index":"index","follow":"follow","max-snippet":"max-snippet:-1","max-image-preview":"max-image-preview:large","max-video-preview":"max-video-preview:-1"},"canonical":"https:\/\/www.emoi-france.fr\/fr\/produit\/crescent\/","og_locale":"fr_FR","og_type":"article","og_title":"CRESCENT - E-Moi","og_description":"Sac au crochet de Solene M, recycl\u00e9 \u00e0 partir de capsules de canettes. collection CRESCENT  100% fait-main avec la doublure de haute qualit\u00e9 \u00e0 l\u2019int\u00e9rieur.  L\u2019anse court en metal  Poids: 500g  Dimension: Largeur 34cm \/ Hauteur 17cm \/ Profondeur 11cm  Deux couleurs disponibles: rouge et vert  Livraison gratuite en France.","og_url":"https:\/\/www.emoi-france.fr\/fr\/produit\/crescent\/","og_site_name":"E-Moi","article_modified_time":"2019-10-21T02:22:43+00:00","og_image":[{"width":666,"height":666,"url":"https:\/\/www.emoi-france.fr\/wp-content\/uploads\/2019\/08\/SoleneM-poptab-crescent-rouge.jpg","type":"image\/jpeg"}],"twitter_card":"summary_large_image","schema":{"@context":"https:\/\/schema.org","@graph":[{"@type":"WebPage","@id":"https:\/\/www.emoi-france.fr\/fr\/produit\/crescent\/","url":"https:\/\/www.emoi-france.fr\/fr\/produit\/crescent\/","name":"CRESCENT - E-Moi","isPartOf":{"@id":"https:\/\/www.emoi-france.fr\/#website"},"primaryImageOfPage":{"@id":"https:\/\/www.emoi-france.fr\/fr\/produit\/crescent\/#primaryimage"},"image":{"@id":"https:\/\/www.emoi-france.fr\/fr\/produit\/crescent\/#primaryimage"},"thumbnailUrl":"https:\/\/www.emoi-france.fr\/wp-content\/uploads\/2019\/08\/SoleneM-poptab-crescent-rouge.jpg","datePublished":"2019-08-28T17:12:48+00:00","dateModified":"2019-10-21T02:22:43+00:00","breadcrumb":{"@id":"https:\/\/www.emoi-france.fr\/fr\/produit\/crescent\/#breadcrumb"},"inLanguage":"fr-FR","potentialAction":[{"@type":"ReadAction","target":["https:\/\/www.emoi-france.fr\/fr\/produit\/crescent\/"]}]},{"@type":"ImageObject","inLanguage":"fr-FR","@id":"https:\/\/www.emoi-france.fr\/fr\/produit\/crescent\/#primaryimage","url":"https:\/\/www.emoi-france.fr\/wp-content\/uploads\/2019\/08\/SoleneM-poptab-crescent-rouge.jpg","contentUrl":"https:\/\/www.emoi-france.fr\/wp-content\/uploads\/2019\/08\/SoleneM-poptab-crescent-rouge.jpg","width":666,"height":666},{"@type":"BreadcrumbList","@id":"https:\/\/www.emoi-france.fr\/fr\/produit\/crescent\/#breadcrumb","itemListElement":[{"@type":"ListItem","position":1,"name":"Home","item":"https:\/\/www.emoi-france.fr\/fr\/"},{"@type":"ListItem","position":2,"name":"Boutique en ligne","item":"https:\/\/www.emoi-france.fr\/fr\/boutique\/"},{"@type":"ListItem","position":3,"name":"CRESCENT"}]},{"@type":"WebSite","@id":"https:\/\/www.emoi-france.fr\/#website","url":"https:\/\/www.emoi-france.fr\/","name":"E-Moi","description":"","potentialAction":[{"@type":"SearchAction","target":{"@type":"EntryPoint","urlTemplate":"https:\/\/www.emoi-france.fr\/?s={search_term_string}"},"query-input":{"@type":"PropertyValueSpecification","valueRequired":true,"valueName":"search_term_string"}}],"inLanguage":"fr-FR"}]}},"_links":{"self":[{"href":"https:\/\/www.emoi-france.fr\/fr\/wp-json\/wp\/v2\/product\/4093"}],"collection":[{"href":"https:\/\/www.emoi-france.fr\/fr\/wp-json\/wp\/v2\/product"}],"about":[{"href":"https:\/\/www.emoi-france.fr\/fr\/wp-json\/wp\/v2\/types\/product"}],"replies":[{"embeddable":true,"href":"https:\/\/www.emoi-france.fr\/fr\/wp-json\/wp\/v2\/comments?post=4093"}],"wp:featuredmedia":[{"embeddable":true,"href":"https:\/\/www.emoi-france.fr\/fr\/wp-json\/wp\/v2\/media\/4090"}],"wp:attachment":[{"href":"https:\/\/www.emoi-france.fr\/fr\/wp-json\/wp\/v2\/media?parent=4093"}],"wp:term":[{"taxonomy":"product_cat","embeddable":true,"href":"https:\/\/www.emoi-france.fr\/fr\/wp-json\/wp\/v2\/product_cat?post=4093"},{"taxonomy":"product_tag","embeddable":true,"href":"https:\/\/www.emoi-france.fr\/fr\/wp-json\/wp\/v2\/product_tag?post=4093"}],"curies":[{"name":"wp","href":"https:\/\/api.w.org\/{rel}","templated":true}]}}

<p>Sac au crochet de Solene M, recyclé à partir de capsules de canettes. collection CRESCENT</p>
<p>100% fait-main avec la doublure de haute qualité à l’intérieur.</p>
<p>L’anse court en metal</p>
<p>Poids: 500g</p>
<p>Dimension: Largeur 34cm / Hauteur 17cm / Profondeur 11cm</p>
<p>Deux couleurs disponibles: rouge et vert</p>
<p>Livraison gratuite en France.</p>
<p>Les accessoires E-MOI sont fabriqués avec une grande attention pour l’environnement. Nos produits sont exclusifs et éthiques. Ils sont fabriqués par nos artisans locaux talentueux au Vietnam, en Thaïlande et aux Philippines.</p>

<p>Sac au crochet de Solene M, recyclé à partir de capsules de canettes. collection CRESCENT</p>
<p>100% fait-main avec la doublure de haute qualité à l’intérieur.</p>
<p>L’anse court en metal</p>
<p>Poids: 500g</p>
<p>Dimension: Largeur 34cm / Hauteur 17cm / Profondeur 11cm</p>
<p>Deux couleurs disponibles: rouge et vert</p>
<p>Livraison gratuite en France.</p>

<!-- This site is optimized with the Yoast SEO plugin v24.5 - https://yoast.com/wordpress/plugins/seo/ -->
<title>CRESCENT - E-Moi</title>
<meta name="robots" content="index, follow, max-snippet:-1, max-image-preview:large, max-video-preview:-1" />
<link rel="canonical" href="https://www.emoi-france.fr/fr/produit/crescent/" />
<meta property="og:locale" content="fr_FR" />
<meta property="og:type" content="article" />
<meta property="og:title" content="CRESCENT - E-Moi" />
<meta property="og:description" content="Sac au crochet de Solene M, recyclé à partir de capsules de canettes. collection CRESCENT  100% fait-main avec la doublure de haute qualité à l’intérieur.  L’anse court en metal  Poids: 500g  Dimension: Largeur 34cm / Hauteur 17cm / Profondeur 11cm  Deux couleurs disponibles: rouge et vert  Livraison gratuite en France." />
<meta property="og:url" content="https://www.emoi-france.fr/fr/produit/crescent/" />
<meta property="og:site_name" content="E-Moi" />
<meta property="article:modified_time" content="2019-10-21T02:22:43+00:00" />
<meta property="og:image" content="https://www.emoi-france.fr/wp-content/uploads/2019/08/SoleneM-poptab-crescent-rouge.jpg" />
	<meta property="og:image:width" content="666" />
	<meta property="og:image:height" content="666" />
	<meta property="og:image:type" content="image/jpeg" />
<meta name="twitter:card" content="summary_large_image" />
<script type="application/ld+json" class="yoast-schema-graph">{"@context":"https://schema.org","@graph":[{"@type":"WebPage","@id":"https://www.emoi-france.fr/fr/produit/crescent/","url":"https://www.emoi-france.fr/fr/produit/crescent/","name":"CRESCENT - E-Moi","isPartOf":{"@id":"https://www.emoi-france.fr/#website"},"primaryImageOfPage":{"@id":"https://www.emoi-france.fr/fr/produit/crescent/#primaryimage"},"image":{"@id":"https://www.emoi-france.fr/fr/produit/crescent/#primaryimage"},"thumbnailUrl":"https://www.emoi-france.fr/wp-content/uploads/2019/08/SoleneM-poptab-crescent-rouge.jpg","datePublished":"2019-08-28T17:12:48+00:00","dateModified":"2019-10-21T02:22:43+00:00","breadcrumb":{"@id":"https://www.emoi-france.fr/fr/produit/crescent/#breadcrumb"},"inLanguage":"fr-FR","potentialAction":[{"@type":"ReadAction","target":["https://www.emoi-france.fr/fr/produit/crescent/"]}]},{"@type":"ImageObject","inLanguage":"fr-FR","@id":"https://www.emoi-france.fr/fr/produit/crescent/#primaryimage","url":"https://www.emoi-france.fr/wp-content/uploads/2019/08/SoleneM-poptab-crescent-rouge.jpg","contentUrl":"https://www.emoi-france.fr/wp-content/uploads/2019/08/SoleneM-poptab-crescent-rouge.jpg","width":666,"height":666},{"@type":"BreadcrumbList","@id":"https://www.emoi-france.fr/fr/produit/crescent/#breadcrumb","itemListElement":[{"@type":"ListItem","position":1,"name":"Home","item":"https://www.emoi-france.fr/fr/"},{"@type":"ListItem","position":2,"name":"Boutique en ligne","item":"https://www.emoi-france.fr/fr/boutique/"},{"@type":"ListItem","position":3,"name":"CRESCENT"}]},{"@type":"WebSite","@id":"https://www.emoi-france.fr/#website","url":"https://www.emoi-france.fr/","name":"E-Moi","description":"","potentialAction":[{"@type":"SearchAction","target":{"@type":"EntryPoint","urlTemplate":"https://www.emoi-france.fr/?s={search_term_string}"},"query-input":{"@type":"PropertyValueSpecification","valueRequired":true,"valueName":"search_term_string"}}],"inLanguage":"fr-FR"}]}</script>
<!-- / Yoast SEO plugin. -->

Sac au crochet de Solene M, recyclé à partir de capsules de canettes. collection CRESCENT  100% fait-main avec la doublure de haute qualité à l’intérieur.  L’anse court en metal  Poids: 500g  Dimension: Largeur 34cm / Hauteur 17cm / Profondeur 11cm  Deux couleurs disponibles: rouge et vert  Livraison gratuite en France.
