{"id":3880,"date":"2019-07-11T00:10:00","date_gmt":"2019-07-10T17:10:00","guid":{"rendered":"https:\/\/www.emoi-france.fr\/product\/reve-tropicale-tisse\/"},"modified":"2019-07-22T18:02:15","modified_gmt":"2019-07-22T11:02:15","slug":"reve-tropicale-tisse","status":"publish","type":"product","link":"https:\/\/www.emoi-france.fr\/fr\/produit\/reve-tropicale-tisse\/","title":{"rendered":"\u00ab\u00a0REVE TROPICALE\u00a0\u00bb TISS\u00c9"},"content":{"rendered":"<p>Sac \u00abREVE TROPICALE\u00bb tiss\u00e9, recycl\u00e9 en emballages de jus de fruits et des plastiques transpaprents.<\/p>\n<p>Style bandouilier.<\/p>\n<p>Tiss\u00e9 en couleur argent\u00e9 et la couvert de sac en multicouleur<\/p>\n<p>Ce sac est lavable et pliable<\/p>\n<p>Dimension environ: 30cmL x 22cmH x 10cmP<\/p>\n<p>Livraison gratuit en France.<\/p>\n<p><span title=\"\">Les accessoires E-MOI sont fabriqu\u00e9s avec une grande attention pour l\u2019environnement.<\/span>\u00a0<span title=\"\">Nos produits sont exclusifs,\u00a0 \u00e9thiques et ils sont fabriqu\u00e9s par nos artisans locaux talentueux au Vietnam, en Tha\u00eflande et aux Philippines.<\/span><\/p>\n<p><span class=\"tlid-translation translation\" lang=\"fr\"><span class=\"\" title=\"\">Attention: Il est presque impossible de fabriquer deux sacs avec exactement la m\u00eame couleur car nous utilisons uniquement les mat\u00e9riaux collect\u00e9s disponibles.<\/span>\u00a0<span class=\"\" title=\"\">Par cons\u00e9quent, il est possible que le produit exact avec la couleur telle que sur la photo ait d\u00e9j\u00e0 \u00e9t\u00e9 \u00e9puis\u00e9.<\/span>\u00a0<span class=\"\" title=\"\">Si vous avez une r\u00e9f\u00e9rence de couleur, veuillez nous envoyer un message avant que nous exp\u00e9dions votre commande<\/span><\/span>.<\/p>\n","protected":false},"excerpt":{"rendered":"<p>Sac \u00abREVE TROPICALE\u00bb tiss\u00e9, recycl\u00e9 en emballages de jus de fruits et des plastiques transpaprents.<\/p>\n<p>Style bandouilier.<\/p>\n<p>Tiss\u00e9 en couleur argent\u00e9 et la couvert de sac en multicouleur<\/p>\n<p>Ce sac est lavable et pliable<\/p>\n<p>Dimension environ: 30cmL x 22cmH x 10cmP<\/p>\n<p>Livraison gratuit en France.<\/p>\n","protected":false},"featured_media":3875,"comment_status":"closed","ping_status":"closed","template":"","meta":[],"product_cat":[170,173],"product_tag":[],"yoast_head":"<!-- This site is optimized with the Yoast SEO plugin v24.5 - https:\/\/yoast.com\/wordpress\/plugins\/seo\/ -->\n<title>&quot;REVE TROPICALE&quot; TISS\u00c9 - E-Moi<\/title>\n<meta name=\"robots\" content=\"index, follow, max-snippet:-1, max-image-preview:large, max-video-preview:-1\" \/>\n<link rel=\"canonical\" href=\"https:\/\/www.emoi-france.fr\/fr\/produit\/reve-tropicale-tisse\/\" \/>\n<meta property=\"og:locale\" content=\"fr_FR\" \/>\n<meta property=\"og:type\" content=\"article\" \/>\n<meta property=\"og:title\" content=\"&quot;REVE TROPICALE&quot; TISS\u00c9 - E-Moi\" \/>\n<meta property=\"og:description\" content=\"Sac \u00abREVE TROPICALE\u00bb tiss\u00e9, recycl\u00e9 en emballages de jus de fruits et des plastiques transpaprents.  Style bandouilier.  Tiss\u00e9 en couleur argent\u00e9 et la couvert de sac en multicouleur  Ce sac est lavable et pliable  Dimension environ: 30cmL x 22cmH x 10cmP  Livraison gratuit en France.\" \/>\n<meta property=\"og:url\" content=\"https:\/\/www.emoi-france.fr\/fr\/produit\/reve-tropicale-tisse\/\" \/>\n<meta property=\"og:site_name\" content=\"E-Moi\" \/>\n<meta property=\"article:modified_time\" content=\"2019-07-22T11:02:15+00:00\" \/>\n<meta property=\"og:image\" content=\"https:\/\/www.emoi-france.fr\/wp-content\/uploads\/2019\/07\/WV07-13-65.jpg\" \/>\n\t<meta property=\"og:image:width\" content=\"3444\" \/>\n\t<meta property=\"og:image:height\" content=\"2574\" \/>\n\t<meta property=\"og:image:type\" content=\"image\/jpeg\" \/>\n<meta name=\"twitter:card\" content=\"summary_large_image\" \/>\n<meta name=\"twitter:label1\" content=\"Dur\u00e9e de lecture estim\u00e9e\" \/>\n\t<meta name=\"twitter:data1\" content=\"1 minute\" \/>\n<script type=\"application\/ld+json\" class=\"yoast-schema-graph\">{\"@context\":\"https:\/\/schema.org\",\"@graph\":[{\"@type\":\"WebPage\",\"@id\":\"https:\/\/www.emoi-france.fr\/fr\/produit\/reve-tropicale-tisse\/\",\"url\":\"https:\/\/www.emoi-france.fr\/fr\/produit\/reve-tropicale-tisse\/\",\"name\":\"\\\"REVE TROPICALE\\\" TISS\u00c9 - E-Moi\",\"isPartOf\":{\"@id\":\"https:\/\/www.emoi-france.fr\/#website\"},\"primaryImageOfPage\":{\"@id\":\"https:\/\/www.emoi-france.fr\/fr\/produit\/reve-tropicale-tisse\/#primaryimage\"},\"image\":{\"@id\":\"https:\/\/www.emoi-france.fr\/fr\/produit\/reve-tropicale-tisse\/#primaryimage\"},\"thumbnailUrl\":\"https:\/\/www.emoi-france.fr\/wp-content\/uploads\/2019\/07\/WV07-13-65.jpg\",\"datePublished\":\"2019-07-10T17:10:00+00:00\",\"dateModified\":\"2019-07-22T11:02:15+00:00\",\"breadcrumb\":{\"@id\":\"https:\/\/www.emoi-france.fr\/fr\/produit\/reve-tropicale-tisse\/#breadcrumb\"},\"inLanguage\":\"fr-FR\",\"potentialAction\":[{\"@type\":\"ReadAction\",\"target\":[\"https:\/\/www.emoi-france.fr\/fr\/produit\/reve-tropicale-tisse\/\"]}]},{\"@type\":\"ImageObject\",\"inLanguage\":\"fr-FR\",\"@id\":\"https:\/\/www.emoi-france.fr\/fr\/produit\/reve-tropicale-tisse\/#primaryimage\",\"url\":\"https:\/\/www.emoi-france.fr\/wp-content\/uploads\/2019\/07\/WV07-13-65.jpg\",\"contentUrl\":\"https:\/\/www.emoi-france.fr\/wp-content\/uploads\/2019\/07\/WV07-13-65.jpg\",\"width\":3444,\"height\":2574},{\"@type\":\"BreadcrumbList\",\"@id\":\"https:\/\/www.emoi-france.fr\/fr\/produit\/reve-tropicale-tisse\/#breadcrumb\",\"itemListElement\":[{\"@type\":\"ListItem\",\"position\":1,\"name\":\"Home\",\"item\":\"https:\/\/www.emoi-france.fr\/fr\/\"},{\"@type\":\"ListItem\",\"position\":2,\"name\":\"Boutique en ligne\",\"item\":\"https:\/\/www.emoi-france.fr\/fr\/boutique\/\"},{\"@type\":\"ListItem\",\"position\":3,\"name\":\"\u00ab\u00a0REVE TROPICALE\u00a0\u00bb TISS\u00c9\"}]},{\"@type\":\"WebSite\",\"@id\":\"https:\/\/www.emoi-france.fr\/#website\",\"url\":\"https:\/\/www.emoi-france.fr\/\",\"name\":\"E-Moi\",\"description\":\"\",\"potentialAction\":[{\"@type\":\"SearchAction\",\"target\":{\"@type\":\"EntryPoint\",\"urlTemplate\":\"https:\/\/www.emoi-france.fr\/?s={search_term_string}\"},\"query-input\":{\"@type\":\"PropertyValueSpecification\",\"valueRequired\":true,\"valueName\":\"search_term_string\"}}],\"inLanguage\":\"fr-FR\"}]}<\/script>\n<!-- \/ Yoast SEO plugin. -->","yoast_head_json":{"title":"\"REVE TROPICALE\" TISS\u00c9 - E-Moi","robots":{"index":"index","follow":"follow","max-snippet":"max-snippet:-1","max-image-preview":"max-image-preview:large","max-video-preview":"max-video-preview:-1"},"canonical":"https:\/\/www.emoi-france.fr\/fr\/produit\/reve-tropicale-tisse\/","og_locale":"fr_FR","og_type":"article","og_title":"\"REVE TROPICALE\" TISS\u00c9 - E-Moi","og_description":"Sac \u00abREVE TROPICALE\u00bb tiss\u00e9, recycl\u00e9 en emballages de jus de fruits et des plastiques transpaprents.  Style bandouilier.  Tiss\u00e9 en couleur argent\u00e9 et la couvert de sac en multicouleur  Ce sac est lavable et pliable  Dimension environ: 30cmL x 22cmH x 10cmP  Livraison gratuit en France.","og_url":"https:\/\/www.emoi-france.fr\/fr\/produit\/reve-tropicale-tisse\/","og_site_name":"E-Moi","article_modified_time":"2019-07-22T11:02:15+00:00","og_image":[{"width":3444,"height":2574,"url":"https:\/\/www.emoi-france.fr\/wp-content\/uploads\/2019\/07\/WV07-13-65.jpg","type":"image\/jpeg"}],"twitter_card":"summary_large_image","twitter_misc":{"Dur\u00e9e de lecture estim\u00e9e":"1 minute"},"schema":{"@context":"https:\/\/schema.org","@graph":[{"@type":"WebPage","@id":"https:\/\/www.emoi-france.fr\/fr\/produit\/reve-tropicale-tisse\/","url":"https:\/\/www.emoi-france.fr\/fr\/produit\/reve-tropicale-tisse\/","name":"\"REVE TROPICALE\" TISS\u00c9 - E-Moi","isPartOf":{"@id":"https:\/\/www.emoi-france.fr\/#website"},"primaryImageOfPage":{"@id":"https:\/\/www.emoi-france.fr\/fr\/produit\/reve-tropicale-tisse\/#primaryimage"},"image":{"@id":"https:\/\/www.emoi-france.fr\/fr\/produit\/reve-tropicale-tisse\/#primaryimage"},"thumbnailUrl":"https:\/\/www.emoi-france.fr\/wp-content\/uploads\/2019\/07\/WV07-13-65.jpg","datePublished":"2019-07-10T17:10:00+00:00","dateModified":"2019-07-22T11:02:15+00:00","breadcrumb":{"@id":"https:\/\/www.emoi-france.fr\/fr\/produit\/reve-tropicale-tisse\/#breadcrumb"},"inLanguage":"fr-FR","potentialAction":[{"@type":"ReadAction","target":["https:\/\/www.emoi-france.fr\/fr\/produit\/reve-tropicale-tisse\/"]}]},{"@type":"ImageObject","inLanguage":"fr-FR","@id":"https:\/\/www.emoi-france.fr\/fr\/produit\/reve-tropicale-tisse\/#primaryimage","url":"https:\/\/www.emoi-france.fr\/wp-content\/uploads\/2019\/07\/WV07-13-65.jpg","contentUrl":"https:\/\/www.emoi-france.fr\/wp-content\/uploads\/2019\/07\/WV07-13-65.jpg","width":3444,"height":2574},{"@type":"BreadcrumbList","@id":"https:\/\/www.emoi-france.fr\/fr\/produit\/reve-tropicale-tisse\/#breadcrumb","itemListElement":[{"@type":"ListItem","position":1,"name":"Home","item":"https:\/\/www.emoi-france.fr\/fr\/"},{"@type":"ListItem","position":2,"name":"Boutique en ligne","item":"https:\/\/www.emoi-france.fr\/fr\/boutique\/"},{"@type":"ListItem","position":3,"name":"\u00ab\u00a0REVE TROPICALE\u00a0\u00bb TISS\u00c9"}]},{"@type":"WebSite","@id":"https:\/\/www.emoi-france.fr\/#website","url":"https:\/\/www.emoi-france.fr\/","name":"E-Moi","description":"","potentialAction":[{"@type":"SearchAction","target":{"@type":"EntryPoint","urlTemplate":"https:\/\/www.emoi-france.fr\/?s={search_term_string}"},"query-input":{"@type":"PropertyValueSpecification","valueRequired":true,"valueName":"search_term_string"}}],"inLanguage":"fr-FR"}]}},"_links":{"self":[{"href":"https:\/\/www.emoi-france.fr\/fr\/wp-json\/wp\/v2\/product\/3880"}],"collection":[{"href":"https:\/\/www.emoi-france.fr\/fr\/wp-json\/wp\/v2\/product"}],"about":[{"href":"https:\/\/www.emoi-france.fr\/fr\/wp-json\/wp\/v2\/types\/product"}],"replies":[{"embeddable":true,"href":"https:\/\/www.emoi-france.fr\/fr\/wp-json\/wp\/v2\/comments?post=3880"}],"wp:featuredmedia":[{"embeddable":true,"href":"https:\/\/www.emoi-france.fr\/fr\/wp-json\/wp\/v2\/media\/3875"}],"wp:attachment":[{"href":"https:\/\/www.emoi-france.fr\/fr\/wp-json\/wp\/v2\/media?parent=3880"}],"wp:term":[{"taxonomy":"product_cat","embeddable":true,"href":"https:\/\/www.emoi-france.fr\/fr\/wp-json\/wp\/v2\/product_cat?post=3880"},{"taxonomy":"product_tag","embeddable":true,"href":"https:\/\/www.emoi-france.fr\/fr\/wp-json\/wp\/v2\/product_tag?post=3880"}],"curies":[{"name":"wp","href":"https:\/\/api.w.org\/{rel}","templated":true}]}}

« REVE TROPICALE » TISSÉ

<p>Sac «REVE TROPICALE» tissé, recyclé en emballages de jus de fruits et des plastiques transpaprents.</p>
<p>Style bandouilier.</p>
<p>Tissé en couleur argenté et la couvert de sac en multicouleur</p>
<p>Ce sac est lavable et pliable</p>
<p>Dimension environ: 30cmL x 22cmH x 10cmP</p>
<p>Livraison gratuit en France.</p>
<p><span title="">Les accessoires E-MOI sont fabriqués avec une grande attention pour l’environnement.</span> <span title="">Nos produits sont exclusifs,  éthiques et ils sont fabriqués par nos artisans locaux talentueux au Vietnam, en Thaïlande et aux Philippines.</span></p>
<p><span class="tlid-translation translation" lang="fr"><span class="" title="">Attention: Il est presque impossible de fabriquer deux sacs avec exactement la même couleur car nous utilisons uniquement les matériaux collectés disponibles.</span> <span class="" title="">Par conséquent, il est possible que le produit exact avec la couleur telle que sur la photo ait déjà été épuisé.</span> <span class="" title="">Si vous avez une référence de couleur, veuillez nous envoyer un message avant que nous expédions votre commande</span></span>.</p>

<p>Sac «REVE TROPICALE» tissé, recyclé en emballages de jus de fruits et des plastiques transpaprents.</p>
<p>Style bandouilier.</p>
<p>Tissé en couleur argenté et la couvert de sac en multicouleur</p>
<p>Ce sac est lavable et pliable</p>
<p>Dimension environ: 30cmL x 22cmH x 10cmP</p>
<p>Livraison gratuit en France.</p>

<!-- This site is optimized with the Yoast SEO plugin v24.5 - https://yoast.com/wordpress/plugins/seo/ -->
<title>&quot;REVE TROPICALE&quot; TISSÉ - E-Moi</title>
<meta name="robots" content="index, follow, max-snippet:-1, max-image-preview:large, max-video-preview:-1" />
<link rel="canonical" href="https://www.emoi-france.fr/fr/produit/reve-tropicale-tisse/" />
<meta property="og:locale" content="fr_FR" />
<meta property="og:type" content="article" />
<meta property="og:title" content="&quot;REVE TROPICALE&quot; TISSÉ - E-Moi" />
<meta property="og:description" content="Sac «REVE TROPICALE» tissé, recyclé en emballages de jus de fruits et des plastiques transpaprents.  Style bandouilier.  Tissé en couleur argenté et la couvert de sac en multicouleur  Ce sac est lavable et pliable  Dimension environ: 30cmL x 22cmH x 10cmP  Livraison gratuit en France." />
<meta property="og:url" content="https://www.emoi-france.fr/fr/produit/reve-tropicale-tisse/" />
<meta property="og:site_name" content="E-Moi" />
<meta property="article:modified_time" content="2019-07-22T11:02:15+00:00" />
<meta property="og:image" content="https://www.emoi-france.fr/wp-content/uploads/2019/07/WV07-13-65.jpg" />
	<meta property="og:image:width" content="3444" />
	<meta property="og:image:height" content="2574" />
	<meta property="og:image:type" content="image/jpeg" />
<meta name="twitter:card" content="summary_large_image" />
<meta name="twitter:label1" content="Durée de lecture estimée" />
	<meta name="twitter:data1" content="1 minute" />
<script type="application/ld+json" class="yoast-schema-graph">{"@context":"https://schema.org","@graph":[{"@type":"WebPage","@id":"https://www.emoi-france.fr/fr/produit/reve-tropicale-tisse/","url":"https://www.emoi-france.fr/fr/produit/reve-tropicale-tisse/","name":"\"REVE TROPICALE\" TISSÉ - E-Moi","isPartOf":{"@id":"https://www.emoi-france.fr/#website"},"primaryImageOfPage":{"@id":"https://www.emoi-france.fr/fr/produit/reve-tropicale-tisse/#primaryimage"},"image":{"@id":"https://www.emoi-france.fr/fr/produit/reve-tropicale-tisse/#primaryimage"},"thumbnailUrl":"https://www.emoi-france.fr/wp-content/uploads/2019/07/WV07-13-65.jpg","datePublished":"2019-07-10T17:10:00+00:00","dateModified":"2019-07-22T11:02:15+00:00","breadcrumb":{"@id":"https://www.emoi-france.fr/fr/produit/reve-tropicale-tisse/#breadcrumb"},"inLanguage":"fr-FR","potentialAction":[{"@type":"ReadAction","target":["https://www.emoi-france.fr/fr/produit/reve-tropicale-tisse/"]}]},{"@type":"ImageObject","inLanguage":"fr-FR","@id":"https://www.emoi-france.fr/fr/produit/reve-tropicale-tisse/#primaryimage","url":"https://www.emoi-france.fr/wp-content/uploads/2019/07/WV07-13-65.jpg","contentUrl":"https://www.emoi-france.fr/wp-content/uploads/2019/07/WV07-13-65.jpg","width":3444,"height":2574},{"@type":"BreadcrumbList","@id":"https://www.emoi-france.fr/fr/produit/reve-tropicale-tisse/#breadcrumb","itemListElement":[{"@type":"ListItem","position":1,"name":"Home","item":"https://www.emoi-france.fr/fr/"},{"@type":"ListItem","position":2,"name":"Boutique en ligne","item":"https://www.emoi-france.fr/fr/boutique/"},{"@type":"ListItem","position":3,"name":"« REVE TROPICALE » TISSÉ"}]},{"@type":"WebSite","@id":"https://www.emoi-france.fr/#website","url":"https://www.emoi-france.fr/","name":"E-Moi","description":"","potentialAction":[{"@type":"SearchAction","target":{"@type":"EntryPoint","urlTemplate":"https://www.emoi-france.fr/?s={search_term_string}"},"query-input":{"@type":"PropertyValueSpecification","valueRequired":true,"valueName":"search_term_string"}}],"inLanguage":"fr-FR"}]}</script>
<!-- / Yoast SEO plugin. -->

"REVE TROPICALE" TISSÉ - E-Moi

Sac «REVE TROPICALE» tissé, recyclé en emballages de jus de fruits et des plastiques transpaprents.  Style bandouilier.  Tissé en couleur argenté et la couvert de sac en multicouleur  Ce sac est lavable et pliable  Dimension environ: 30cmL x 22cmH x 10cmP  Livraison gratuit en France.
