{"id":3822,"date":"2019-07-09T10:50:57","date_gmt":"2019-07-09T03:50:57","guid":{"rendered":"https:\/\/www.emoi-france.fr\/product\/sac-de-plage-m\/"},"modified":"2019-07-09T10:50:57","modified_gmt":"2019-07-09T03:50:57","slug":"sac-de-plage-m","status":"publish","type":"product","link":"https:\/\/www.emoi-france.fr\/fr\/produit\/sac-de-plage-m\/","title":{"rendered":"SAC DE PLAGE- M"},"content":{"rendered":"<p>Sac de plage tiss\u00e9, forme \u00e9vas\u00e9, recycl\u00e9 en emballages de jus de fruits.<\/p>\n<p>Multicolor. Lavable. Pliable.<\/p>\n<p>Dimension environ: 51cmLx24cmH. Base ronde<\/p>\n<p>Livraison graituit en France<\/p>\n<p><span title=\"\">Les accessoires E-MOI sont fabriqu\u00e9s avec une grande attention pour l\u2019environnement.<\/span> <span title=\"\">Nos produits sont exclusifs,\u00a0 \u00e9thiques et ils sont fabriqu\u00e9s par nos artisans locaux talentueux au Vietnam, en Tha\u00eflande et aux Philippines.<\/span><\/p>\n<p><span class=\"tlid-translation translation\" lang=\"fr\"><span class=\"\" title=\"\">Attention: Il est presque impossible de fabriquer deux sacs avec exactement la m\u00eame couleur car nous utilisons uniquement les mat\u00e9riaux collect\u00e9s disponibles.<\/span> <span class=\"\" title=\"\">Par cons\u00e9quent, il est possible que le produit exact avec la couleur telle que sur la photo ait d\u00e9j\u00e0 \u00e9t\u00e9 \u00e9puis\u00e9.<\/span> <span class=\"\" title=\"\">Si vous avez une r\u00e9f\u00e9rence de couleur, veuillez nous envoyer un message avant que nous exp\u00e9dions votre commande.<\/span><\/span><\/p>\n<p><span title=\"\">\u00a0<\/span><\/p>\n","protected":false},"excerpt":{"rendered":"<p>Sac de plage tiss\u00e9, forme \u00e9vas\u00e9, recycl\u00e9 en emballages de jus de fruits.<\/p>\n<p>Multicolor. Lavable. Pliable.<\/p>\n<p>Dimension environ: 51cmLx24cmH. Base ronde<\/p>\n","protected":false},"featured_media":3819,"comment_status":"closed","ping_status":"closed","template":"","meta":[],"product_cat":[170,173],"product_tag":[],"yoast_head":"<!-- This site is optimized with the Yoast SEO plugin v24.5 - https:\/\/yoast.com\/wordpress\/plugins\/seo\/ -->\n<title>SAC DE PLAGE- M - E-Moi<\/title>\n<meta name=\"robots\" content=\"index, follow, max-snippet:-1, max-image-preview:large, max-video-preview:-1\" \/>\n<link rel=\"canonical\" href=\"https:\/\/www.emoi-france.fr\/fr\/produit\/sac-de-plage-m\/\" \/>\n<meta property=\"og:locale\" content=\"fr_FR\" \/>\n<meta property=\"og:type\" content=\"article\" \/>\n<meta property=\"og:title\" content=\"SAC DE PLAGE- M - E-Moi\" \/>\n<meta property=\"og:description\" content=\"Sac de plage tiss\u00e9, forme \u00e9vas\u00e9, recycl\u00e9 en emballages de jus de fruits.  Multicolor. Lavable. Pliable.  Dimension environ: 51cmLx24cmH. Base ronde\" \/>\n<meta property=\"og:url\" content=\"https:\/\/www.emoi-france.fr\/fr\/produit\/sac-de-plage-m\/\" \/>\n<meta property=\"og:site_name\" content=\"E-Moi\" \/>\n<meta property=\"og:image\" content=\"https:\/\/www.emoi-france.fr\/wp-content\/uploads\/2019\/07\/sac-plage-petit-modele.jpg\" \/>\n\t<meta property=\"og:image:width\" content=\"397\" \/>\n\t<meta property=\"og:image:height\" content=\"406\" \/>\n\t<meta property=\"og:image:type\" content=\"image\/jpeg\" \/>\n<meta name=\"twitter:card\" content=\"summary_large_image\" \/>\n<meta name=\"twitter:label1\" content=\"Dur\u00e9e de lecture estim\u00e9e\" \/>\n\t<meta name=\"twitter:data1\" content=\"1 minute\" \/>\n<script type=\"application\/ld+json\" class=\"yoast-schema-graph\">{\"@context\":\"https:\/\/schema.org\",\"@graph\":[{\"@type\":\"WebPage\",\"@id\":\"https:\/\/www.emoi-france.fr\/fr\/produit\/sac-de-plage-m\/\",\"url\":\"https:\/\/www.emoi-france.fr\/fr\/produit\/sac-de-plage-m\/\",\"name\":\"SAC DE PLAGE- M - E-Moi\",\"isPartOf\":{\"@id\":\"https:\/\/www.emoi-france.fr\/#website\"},\"primaryImageOfPage\":{\"@id\":\"https:\/\/www.emoi-france.fr\/fr\/produit\/sac-de-plage-m\/#primaryimage\"},\"image\":{\"@id\":\"https:\/\/www.emoi-france.fr\/fr\/produit\/sac-de-plage-m\/#primaryimage\"},\"thumbnailUrl\":\"https:\/\/www.emoi-france.fr\/wp-content\/uploads\/2019\/07\/sac-plage-petit-modele.jpg\",\"datePublished\":\"2019-07-09T03:50:57+00:00\",\"breadcrumb\":{\"@id\":\"https:\/\/www.emoi-france.fr\/fr\/produit\/sac-de-plage-m\/#breadcrumb\"},\"inLanguage\":\"fr-FR\",\"potentialAction\":[{\"@type\":\"ReadAction\",\"target\":[\"https:\/\/www.emoi-france.fr\/fr\/produit\/sac-de-plage-m\/\"]}]},{\"@type\":\"ImageObject\",\"inLanguage\":\"fr-FR\",\"@id\":\"https:\/\/www.emoi-france.fr\/fr\/produit\/sac-de-plage-m\/#primaryimage\",\"url\":\"https:\/\/www.emoi-france.fr\/wp-content\/uploads\/2019\/07\/sac-plage-petit-modele.jpg\",\"contentUrl\":\"https:\/\/www.emoi-france.fr\/wp-content\/uploads\/2019\/07\/sac-plage-petit-modele.jpg\",\"width\":397,\"height\":406},{\"@type\":\"BreadcrumbList\",\"@id\":\"https:\/\/www.emoi-france.fr\/fr\/produit\/sac-de-plage-m\/#breadcrumb\",\"itemListElement\":[{\"@type\":\"ListItem\",\"position\":1,\"name\":\"Home\",\"item\":\"https:\/\/www.emoi-france.fr\/fr\/\"},{\"@type\":\"ListItem\",\"position\":2,\"name\":\"Boutique en ligne\",\"item\":\"https:\/\/www.emoi-france.fr\/fr\/boutique\/\"},{\"@type\":\"ListItem\",\"position\":3,\"name\":\"SAC DE PLAGE- M\"}]},{\"@type\":\"WebSite\",\"@id\":\"https:\/\/www.emoi-france.fr\/#website\",\"url\":\"https:\/\/www.emoi-france.fr\/\",\"name\":\"E-Moi\",\"description\":\"\",\"potentialAction\":[{\"@type\":\"SearchAction\",\"target\":{\"@type\":\"EntryPoint\",\"urlTemplate\":\"https:\/\/www.emoi-france.fr\/?s={search_term_string}\"},\"query-input\":{\"@type\":\"PropertyValueSpecification\",\"valueRequired\":true,\"valueName\":\"search_term_string\"}}],\"inLanguage\":\"fr-FR\"}]}<\/script>\n<!-- \/ Yoast SEO plugin. -->","yoast_head_json":{"title":"SAC DE PLAGE- M - E-Moi","robots":{"index":"index","follow":"follow","max-snippet":"max-snippet:-1","max-image-preview":"max-image-preview:large","max-video-preview":"max-video-preview:-1"},"canonical":"https:\/\/www.emoi-france.fr\/fr\/produit\/sac-de-plage-m\/","og_locale":"fr_FR","og_type":"article","og_title":"SAC DE PLAGE- M - E-Moi","og_description":"Sac de plage tiss\u00e9, forme \u00e9vas\u00e9, recycl\u00e9 en emballages de jus de fruits.  Multicolor. Lavable. Pliable.  Dimension environ: 51cmLx24cmH. Base ronde","og_url":"https:\/\/www.emoi-france.fr\/fr\/produit\/sac-de-plage-m\/","og_site_name":"E-Moi","og_image":[{"width":397,"height":406,"url":"https:\/\/www.emoi-france.fr\/wp-content\/uploads\/2019\/07\/sac-plage-petit-modele.jpg","type":"image\/jpeg"}],"twitter_card":"summary_large_image","twitter_misc":{"Dur\u00e9e de lecture estim\u00e9e":"1 minute"},"schema":{"@context":"https:\/\/schema.org","@graph":[{"@type":"WebPage","@id":"https:\/\/www.emoi-france.fr\/fr\/produit\/sac-de-plage-m\/","url":"https:\/\/www.emoi-france.fr\/fr\/produit\/sac-de-plage-m\/","name":"SAC DE PLAGE- M - E-Moi","isPartOf":{"@id":"https:\/\/www.emoi-france.fr\/#website"},"primaryImageOfPage":{"@id":"https:\/\/www.emoi-france.fr\/fr\/produit\/sac-de-plage-m\/#primaryimage"},"image":{"@id":"https:\/\/www.emoi-france.fr\/fr\/produit\/sac-de-plage-m\/#primaryimage"},"thumbnailUrl":"https:\/\/www.emoi-france.fr\/wp-content\/uploads\/2019\/07\/sac-plage-petit-modele.jpg","datePublished":"2019-07-09T03:50:57+00:00","breadcrumb":{"@id":"https:\/\/www.emoi-france.fr\/fr\/produit\/sac-de-plage-m\/#breadcrumb"},"inLanguage":"fr-FR","potentialAction":[{"@type":"ReadAction","target":["https:\/\/www.emoi-france.fr\/fr\/produit\/sac-de-plage-m\/"]}]},{"@type":"ImageObject","inLanguage":"fr-FR","@id":"https:\/\/www.emoi-france.fr\/fr\/produit\/sac-de-plage-m\/#primaryimage","url":"https:\/\/www.emoi-france.fr\/wp-content\/uploads\/2019\/07\/sac-plage-petit-modele.jpg","contentUrl":"https:\/\/www.emoi-france.fr\/wp-content\/uploads\/2019\/07\/sac-plage-petit-modele.jpg","width":397,"height":406},{"@type":"BreadcrumbList","@id":"https:\/\/www.emoi-france.fr\/fr\/produit\/sac-de-plage-m\/#breadcrumb","itemListElement":[{"@type":"ListItem","position":1,"name":"Home","item":"https:\/\/www.emoi-france.fr\/fr\/"},{"@type":"ListItem","position":2,"name":"Boutique en ligne","item":"https:\/\/www.emoi-france.fr\/fr\/boutique\/"},{"@type":"ListItem","position":3,"name":"SAC DE PLAGE- M"}]},{"@type":"WebSite","@id":"https:\/\/www.emoi-france.fr\/#website","url":"https:\/\/www.emoi-france.fr\/","name":"E-Moi","description":"","potentialAction":[{"@type":"SearchAction","target":{"@type":"EntryPoint","urlTemplate":"https:\/\/www.emoi-france.fr\/?s={search_term_string}"},"query-input":{"@type":"PropertyValueSpecification","valueRequired":true,"valueName":"search_term_string"}}],"inLanguage":"fr-FR"}]}},"_links":{"self":[{"href":"https:\/\/www.emoi-france.fr\/fr\/wp-json\/wp\/v2\/product\/3822"}],"collection":[{"href":"https:\/\/www.emoi-france.fr\/fr\/wp-json\/wp\/v2\/product"}],"about":[{"href":"https:\/\/www.emoi-france.fr\/fr\/wp-json\/wp\/v2\/types\/product"}],"replies":[{"embeddable":true,"href":"https:\/\/www.emoi-france.fr\/fr\/wp-json\/wp\/v2\/comments?post=3822"}],"wp:featuredmedia":[{"embeddable":true,"href":"https:\/\/www.emoi-france.fr\/fr\/wp-json\/wp\/v2\/media\/3819"}],"wp:attachment":[{"href":"https:\/\/www.emoi-france.fr\/fr\/wp-json\/wp\/v2\/media?parent=3822"}],"wp:term":[{"taxonomy":"product_cat","embeddable":true,"href":"https:\/\/www.emoi-france.fr\/fr\/wp-json\/wp\/v2\/product_cat?post=3822"},{"taxonomy":"product_tag","embeddable":true,"href":"https:\/\/www.emoi-france.fr\/fr\/wp-json\/wp\/v2\/product_tag?post=3822"}],"curies":[{"name":"wp","href":"https:\/\/api.w.org\/{rel}","templated":true}]}}

<p>Sac de plage tissé, forme évasé, recyclé en emballages de jus de fruits.</p>
<p>Multicolor. Lavable. Pliable.</p>
<p>Dimension environ: 51cmLx24cmH. Base ronde</p>
<p>Livraison graituit en France</p>
<p><span title="">Les accessoires E-MOI sont fabriqués avec une grande attention pour l’environnement.</span> <span title="">Nos produits sont exclusifs,  éthiques et ils sont fabriqués par nos artisans locaux talentueux au Vietnam, en Thaïlande et aux Philippines.</span></p>
<p><span class="tlid-translation translation" lang="fr"><span class="" title="">Attention: Il est presque impossible de fabriquer deux sacs avec exactement la même couleur car nous utilisons uniquement les matériaux collectés disponibles.</span> <span class="" title="">Par conséquent, il est possible que le produit exact avec la couleur telle que sur la photo ait déjà été épuisé.</span> <span class="" title="">Si vous avez une référence de couleur, veuillez nous envoyer un message avant que nous expédions votre commande.</span></span></p>
<p><span title=""> </span></p>

<p>Sac de plage tissé, forme évasé, recyclé en emballages de jus de fruits.</p>
<p>Multicolor. Lavable. Pliable.</p>
<p>Dimension environ: 51cmLx24cmH. Base ronde</p>

<!-- This site is optimized with the Yoast SEO plugin v24.5 - https://yoast.com/wordpress/plugins/seo/ -->
<title>SAC DE PLAGE- M - E-Moi</title>
<meta name="robots" content="index, follow, max-snippet:-1, max-image-preview:large, max-video-preview:-1" />
<link rel="canonical" href="https://www.emoi-france.fr/fr/produit/sac-de-plage-m/" />
<meta property="og:locale" content="fr_FR" />
<meta property="og:type" content="article" />
<meta property="og:title" content="SAC DE PLAGE- M - E-Moi" />
<meta property="og:description" content="Sac de plage tissé, forme évasé, recyclé en emballages de jus de fruits.  Multicolor. Lavable. Pliable.  Dimension environ: 51cmLx24cmH. Base ronde" />
<meta property="og:url" content="https://www.emoi-france.fr/fr/produit/sac-de-plage-m/" />
<meta property="og:site_name" content="E-Moi" />
<meta property="og:image" content="https://www.emoi-france.fr/wp-content/uploads/2019/07/sac-plage-petit-modele.jpg" />
	<meta property="og:image:width" content="397" />
	<meta property="og:image:height" content="406" />
	<meta property="og:image:type" content="image/jpeg" />
<meta name="twitter:card" content="summary_large_image" />
<meta name="twitter:label1" content="Durée de lecture estimée" />
	<meta name="twitter:data1" content="1 minute" />
<script type="application/ld+json" class="yoast-schema-graph">{"@context":"https://schema.org","@graph":[{"@type":"WebPage","@id":"https://www.emoi-france.fr/fr/produit/sac-de-plage-m/","url":"https://www.emoi-france.fr/fr/produit/sac-de-plage-m/","name":"SAC DE PLAGE- M - E-Moi","isPartOf":{"@id":"https://www.emoi-france.fr/#website"},"primaryImageOfPage":{"@id":"https://www.emoi-france.fr/fr/produit/sac-de-plage-m/#primaryimage"},"image":{"@id":"https://www.emoi-france.fr/fr/produit/sac-de-plage-m/#primaryimage"},"thumbnailUrl":"https://www.emoi-france.fr/wp-content/uploads/2019/07/sac-plage-petit-modele.jpg","datePublished":"2019-07-09T03:50:57+00:00","breadcrumb":{"@id":"https://www.emoi-france.fr/fr/produit/sac-de-plage-m/#breadcrumb"},"inLanguage":"fr-FR","potentialAction":[{"@type":"ReadAction","target":["https://www.emoi-france.fr/fr/produit/sac-de-plage-m/"]}]},{"@type":"ImageObject","inLanguage":"fr-FR","@id":"https://www.emoi-france.fr/fr/produit/sac-de-plage-m/#primaryimage","url":"https://www.emoi-france.fr/wp-content/uploads/2019/07/sac-plage-petit-modele.jpg","contentUrl":"https://www.emoi-france.fr/wp-content/uploads/2019/07/sac-plage-petit-modele.jpg","width":397,"height":406},{"@type":"BreadcrumbList","@id":"https://www.emoi-france.fr/fr/produit/sac-de-plage-m/#breadcrumb","itemListElement":[{"@type":"ListItem","position":1,"name":"Home","item":"https://www.emoi-france.fr/fr/"},{"@type":"ListItem","position":2,"name":"Boutique en ligne","item":"https://www.emoi-france.fr/fr/boutique/"},{"@type":"ListItem","position":3,"name":"SAC DE PLAGE- M"}]},{"@type":"WebSite","@id":"https://www.emoi-france.fr/#website","url":"https://www.emoi-france.fr/","name":"E-Moi","description":"","potentialAction":[{"@type":"SearchAction","target":{"@type":"EntryPoint","urlTemplate":"https://www.emoi-france.fr/?s={search_term_string}"},"query-input":{"@type":"PropertyValueSpecification","valueRequired":true,"valueName":"search_term_string"}}],"inLanguage":"fr-FR"}]}</script>
<!-- / Yoast SEO plugin. -->

Sac de plage tissé, forme évasé, recyclé en emballages de jus de fruits.  Multicolor. Lavable. Pliable.  Dimension environ: 51cmLx24cmH. Base ronde
