{"id":3180,"date":"2019-06-06T13:18:05","date_gmt":"2019-06-06T06:18:05","guid":{"rendered":"https:\/\/www.emoi-france.fr\/product\/3180\/"},"modified":"2019-06-06T16:21:10","modified_gmt":"2019-06-06T09:21:10","slug":"3180","status":"publish","type":"product","link":"https:\/\/www.emoi-france.fr\/fr\/produit\/3180\/","title":{"rendered":"PRECIOUS"},"content":{"rendered":"<p><span class=\"tlid-translation translation\" lang=\"fr\"><span class=\"\" title=\"\">Sac au crochet \u201cPRECIOUS\u201d de Solene M, recycl\u00e9 \u00e0 partir de canette de boisson gazeuse.<\/span><\/p>\n<p><span class=\"\" title=\"\">Couleur grise avec des fleurs recycl\u00e9es en chutes de cuirs<\/span><br \/>\n<span class=\"\" title=\"\">Doublure de haute qualit\u00e9 avec petites pochettes \u00e0 l&rsquo;int\u00e9rieur pour s\u00e9parer vos petites affaires.<\/span><br \/>\n<span class=\"\" title=\"\">Fermeture zipp\u00e9e avec un anse <\/span><span class=\"\" title=\"\">en m\u00e9tal et\u00a0 un anse suppl\u00e9mentaire en bandouilier.<\/span><br \/>\n<span class=\"\" title=\"\">Dimension: Largeur 38cm \/ Hauteur 30cm \/ Profondeur 9cm<\/span><br \/>\n<span class=\"\" title=\"\">Livraison gratuite en France.<\/span><\/span><\/p>\n<p><span class=\"\" title=\"\">Les accessoires E-MOI sont fabriqu\u00e9s avec une grande conscience pour l\u2019environnement.<\/span> <span class=\"\" title=\"\">Nos produits sont exclusifs et \u00e9thiques. Ils sont fabriqu\u00e9s par nos artisans locaux talentueux au Vietnam, en Tha\u00eflande et aux Philippines.<\/span><\/p>\n","protected":false},"excerpt":{"rendered":"<p><span class=\"tlid-translation translation\" lang=\"fr\"><span class=\"\" title=\"\">Sac au crochet \u201cPRECIOUS\u201d de Solene M, recycl\u00e9 \u00e0 partir de capsules de canettes.<\/span><\/span><\/p>\n<p><span class=\"tlid-translation translation\" lang=\"fr\"><span class=\"\" title=\"\">Couleur grise clair avec des fleurs recycl\u00e9es en chutes de cuirs<\/span><br \/>\n<span class=\"\" title=\"\">Doublure de haute qualit\u00e9 avec petites pochettes \u00e0 l&rsquo;int\u00e9rieur pour s\u00e9parer vos petites affaires.<\/span><br \/>\n<span class=\"\" title=\"\">Fermeture zipp\u00e9e avec un anse <\/span><span class=\"\" title=\"\">en m\u00e9tal et\u00a0 un anse suppl\u00e9mentaire en bandouilier.<\/span><br \/>\n<span class=\"\" title=\"\">Dimension: Largeur 38cm \/ Hauteur 30cm \/ Profondeur 9cm<\/span><br \/>\n<span class=\"\" title=\"\">Livraison gratuite en France.<\/span><\/span><\/p>\n","protected":false},"featured_media":3177,"comment_status":"closed","ping_status":"closed","template":"","meta":[],"product_cat":[314],"product_tag":[338],"yoast_head":"<!-- This site is optimized with the Yoast SEO plugin v24.5 - https:\/\/yoast.com\/wordpress\/plugins\/seo\/ -->\n<title>PRECIOUS - E-Moi<\/title>\n<meta name=\"robots\" content=\"index, follow, max-snippet:-1, max-image-preview:large, max-video-preview:-1\" \/>\n<link rel=\"canonical\" href=\"https:\/\/www.emoi-france.fr\/fr\/produit\/3180\/\" \/>\n<meta property=\"og:locale\" content=\"fr_FR\" \/>\n<meta property=\"og:type\" content=\"article\" \/>\n<meta property=\"og:title\" content=\"PRECIOUS - E-Moi\" \/>\n<meta property=\"og:description\" content=\"Sac au crochet \u201cPRECIOUS\u201d de Solene M, recycl\u00e9 \u00e0 partir de capsules de canettes.  Couleur grise clair avec des fleurs recycl\u00e9es en chutes de cuirs Doublure de haute qualit\u00e9 avec petites pochettes \u00e0 l&#039;int\u00e9rieur pour s\u00e9parer vos petites affaires. Fermeture zipp\u00e9e avec un anse en m\u00e9tal et\u00a0 un anse suppl\u00e9mentaire en bandouilier. Dimension: Largeur 38cm \/ Hauteur 30cm \/ Profondeur 9cm Livraison gratuite en France.\" \/>\n<meta property=\"og:url\" content=\"https:\/\/www.emoi-france.fr\/fr\/produit\/3180\/\" \/>\n<meta property=\"og:site_name\" content=\"E-Moi\" \/>\n<meta property=\"article:modified_time\" content=\"2019-06-06T09:21:10+00:00\" \/>\n<meta property=\"og:image\" content=\"https:\/\/www.emoi-france.fr\/wp-content\/uploads\/2019\/06\/Precious-poptabs-bag-resize.jpeg\" \/>\n\t<meta property=\"og:image:width\" content=\"378\" \/>\n\t<meta property=\"og:image:height\" content=\"526\" \/>\n\t<meta property=\"og:image:type\" content=\"image\/jpeg\" \/>\n<meta name=\"twitter:card\" content=\"summary_large_image\" \/>\n<meta name=\"twitter:label1\" content=\"Dur\u00e9e de lecture estim\u00e9e\" \/>\n\t<meta name=\"twitter:data1\" content=\"1 minute\" \/>\n<script type=\"application\/ld+json\" class=\"yoast-schema-graph\">{\"@context\":\"https:\/\/schema.org\",\"@graph\":[{\"@type\":\"WebPage\",\"@id\":\"https:\/\/www.emoi-france.fr\/fr\/produit\/3180\/\",\"url\":\"https:\/\/www.emoi-france.fr\/fr\/produit\/3180\/\",\"name\":\"PRECIOUS - E-Moi\",\"isPartOf\":{\"@id\":\"https:\/\/www.emoi-france.fr\/#website\"},\"primaryImageOfPage\":{\"@id\":\"https:\/\/www.emoi-france.fr\/fr\/produit\/3180\/#primaryimage\"},\"image\":{\"@id\":\"https:\/\/www.emoi-france.fr\/fr\/produit\/3180\/#primaryimage\"},\"thumbnailUrl\":\"https:\/\/www.emoi-france.fr\/wp-content\/uploads\/2019\/06\/Precious-poptabs-bag-resize.jpeg\",\"datePublished\":\"2019-06-06T06:18:05+00:00\",\"dateModified\":\"2019-06-06T09:21:10+00:00\",\"breadcrumb\":{\"@id\":\"https:\/\/www.emoi-france.fr\/fr\/produit\/3180\/#breadcrumb\"},\"inLanguage\":\"fr-FR\",\"potentialAction\":[{\"@type\":\"ReadAction\",\"target\":[\"https:\/\/www.emoi-france.fr\/fr\/produit\/3180\/\"]}]},{\"@type\":\"ImageObject\",\"inLanguage\":\"fr-FR\",\"@id\":\"https:\/\/www.emoi-france.fr\/fr\/produit\/3180\/#primaryimage\",\"url\":\"https:\/\/www.emoi-france.fr\/wp-content\/uploads\/2019\/06\/Precious-poptabs-bag-resize.jpeg\",\"contentUrl\":\"https:\/\/www.emoi-france.fr\/wp-content\/uploads\/2019\/06\/Precious-poptabs-bag-resize.jpeg\",\"width\":378,\"height\":526},{\"@type\":\"BreadcrumbList\",\"@id\":\"https:\/\/www.emoi-france.fr\/fr\/produit\/3180\/#breadcrumb\",\"itemListElement\":[{\"@type\":\"ListItem\",\"position\":1,\"name\":\"Home\",\"item\":\"https:\/\/www.emoi-france.fr\/fr\/\"},{\"@type\":\"ListItem\",\"position\":2,\"name\":\"Boutique en ligne\",\"item\":\"https:\/\/www.emoi-france.fr\/fr\/boutique\/\"},{\"@type\":\"ListItem\",\"position\":3,\"name\":\"PRECIOUS\"}]},{\"@type\":\"WebSite\",\"@id\":\"https:\/\/www.emoi-france.fr\/#website\",\"url\":\"https:\/\/www.emoi-france.fr\/\",\"name\":\"E-Moi\",\"description\":\"\",\"potentialAction\":[{\"@type\":\"SearchAction\",\"target\":{\"@type\":\"EntryPoint\",\"urlTemplate\":\"https:\/\/www.emoi-france.fr\/?s={search_term_string}\"},\"query-input\":{\"@type\":\"PropertyValueSpecification\",\"valueRequired\":true,\"valueName\":\"search_term_string\"}}],\"inLanguage\":\"fr-FR\"}]}<\/script>\n<!-- \/ Yoast SEO plugin. -->","yoast_head_json":{"title":"PRECIOUS - E-Moi","robots":{"index":"index","follow":"follow","max-snippet":"max-snippet:-1","max-image-preview":"max-image-preview:large","max-video-preview":"max-video-preview:-1"},"canonical":"https:\/\/www.emoi-france.fr\/fr\/produit\/3180\/","og_locale":"fr_FR","og_type":"article","og_title":"PRECIOUS - E-Moi","og_description":"Sac au crochet \u201cPRECIOUS\u201d de Solene M, recycl\u00e9 \u00e0 partir de capsules de canettes.  Couleur grise clair avec des fleurs recycl\u00e9es en chutes de cuirs Doublure de haute qualit\u00e9 avec petites pochettes \u00e0 l'int\u00e9rieur pour s\u00e9parer vos petites affaires. Fermeture zipp\u00e9e avec un anse en m\u00e9tal et\u00a0 un anse suppl\u00e9mentaire en bandouilier. Dimension: Largeur 38cm \/ Hauteur 30cm \/ Profondeur 9cm Livraison gratuite en France.","og_url":"https:\/\/www.emoi-france.fr\/fr\/produit\/3180\/","og_site_name":"E-Moi","article_modified_time":"2019-06-06T09:21:10+00:00","og_image":[{"width":378,"height":526,"url":"https:\/\/www.emoi-france.fr\/wp-content\/uploads\/2019\/06\/Precious-poptabs-bag-resize.jpeg","type":"image\/jpeg"}],"twitter_card":"summary_large_image","twitter_misc":{"Dur\u00e9e de lecture estim\u00e9e":"1 minute"},"schema":{"@context":"https:\/\/schema.org","@graph":[{"@type":"WebPage","@id":"https:\/\/www.emoi-france.fr\/fr\/produit\/3180\/","url":"https:\/\/www.emoi-france.fr\/fr\/produit\/3180\/","name":"PRECIOUS - E-Moi","isPartOf":{"@id":"https:\/\/www.emoi-france.fr\/#website"},"primaryImageOfPage":{"@id":"https:\/\/www.emoi-france.fr\/fr\/produit\/3180\/#primaryimage"},"image":{"@id":"https:\/\/www.emoi-france.fr\/fr\/produit\/3180\/#primaryimage"},"thumbnailUrl":"https:\/\/www.emoi-france.fr\/wp-content\/uploads\/2019\/06\/Precious-poptabs-bag-resize.jpeg","datePublished":"2019-06-06T06:18:05+00:00","dateModified":"2019-06-06T09:21:10+00:00","breadcrumb":{"@id":"https:\/\/www.emoi-france.fr\/fr\/produit\/3180\/#breadcrumb"},"inLanguage":"fr-FR","potentialAction":[{"@type":"ReadAction","target":["https:\/\/www.emoi-france.fr\/fr\/produit\/3180\/"]}]},{"@type":"ImageObject","inLanguage":"fr-FR","@id":"https:\/\/www.emoi-france.fr\/fr\/produit\/3180\/#primaryimage","url":"https:\/\/www.emoi-france.fr\/wp-content\/uploads\/2019\/06\/Precious-poptabs-bag-resize.jpeg","contentUrl":"https:\/\/www.emoi-france.fr\/wp-content\/uploads\/2019\/06\/Precious-poptabs-bag-resize.jpeg","width":378,"height":526},{"@type":"BreadcrumbList","@id":"https:\/\/www.emoi-france.fr\/fr\/produit\/3180\/#breadcrumb","itemListElement":[{"@type":"ListItem","position":1,"name":"Home","item":"https:\/\/www.emoi-france.fr\/fr\/"},{"@type":"ListItem","position":2,"name":"Boutique en ligne","item":"https:\/\/www.emoi-france.fr\/fr\/boutique\/"},{"@type":"ListItem","position":3,"name":"PRECIOUS"}]},{"@type":"WebSite","@id":"https:\/\/www.emoi-france.fr\/#website","url":"https:\/\/www.emoi-france.fr\/","name":"E-Moi","description":"","potentialAction":[{"@type":"SearchAction","target":{"@type":"EntryPoint","urlTemplate":"https:\/\/www.emoi-france.fr\/?s={search_term_string}"},"query-input":{"@type":"PropertyValueSpecification","valueRequired":true,"valueName":"search_term_string"}}],"inLanguage":"fr-FR"}]}},"_links":{"self":[{"href":"https:\/\/www.emoi-france.fr\/fr\/wp-json\/wp\/v2\/product\/3180"}],"collection":[{"href":"https:\/\/www.emoi-france.fr\/fr\/wp-json\/wp\/v2\/product"}],"about":[{"href":"https:\/\/www.emoi-france.fr\/fr\/wp-json\/wp\/v2\/types\/product"}],"replies":[{"embeddable":true,"href":"https:\/\/www.emoi-france.fr\/fr\/wp-json\/wp\/v2\/comments?post=3180"}],"wp:featuredmedia":[{"embeddable":true,"href":"https:\/\/www.emoi-france.fr\/fr\/wp-json\/wp\/v2\/media\/3177"}],"wp:attachment":[{"href":"https:\/\/www.emoi-france.fr\/fr\/wp-json\/wp\/v2\/media?parent=3180"}],"wp:term":[{"taxonomy":"product_cat","embeddable":true,"href":"https:\/\/www.emoi-france.fr\/fr\/wp-json\/wp\/v2\/product_cat?post=3180"},{"taxonomy":"product_tag","embeddable":true,"href":"https:\/\/www.emoi-france.fr\/fr\/wp-json\/wp\/v2\/product_tag?post=3180"}],"curies":[{"name":"wp","href":"https:\/\/api.w.org\/{rel}","templated":true}]}}

<p><span class="tlid-translation translation" lang="fr"><span class="" title="">Sac au crochet “PRECIOUS” de Solene M, recyclé à partir de canette de boisson gazeuse.</span></p>
<p><span class="" title="">Couleur grise avec des fleurs recyclées en chutes de cuirs</span><br />
<span class="" title="">Doublure de haute qualité avec petites pochettes à l&rsquo;intérieur pour séparer vos petites affaires.</span><br />
<span class="" title="">Fermeture zippée avec un anse </span><span class="" title="">en métal et  un anse supplémentaire en bandouilier.</span><br />
<span class="" title="">Dimension: Largeur 38cm / Hauteur 30cm / Profondeur 9cm</span><br />
<span class="" title="">Livraison gratuite en France.</span></span></p>
<p><span class="" title="">Les accessoires E-MOI sont fabriqués avec une grande conscience pour l’environnement.</span> <span class="" title="">Nos produits sont exclusifs et éthiques. Ils sont fabriqués par nos artisans locaux talentueux au Vietnam, en Thaïlande et aux Philippines.</span></p>

<p><span class="tlid-translation translation" lang="fr"><span class="" title="">Sac au crochet “PRECIOUS” de Solene M, recyclé à partir de capsules de canettes.</span></span></p>
<p><span class="tlid-translation translation" lang="fr"><span class="" title="">Couleur grise clair avec des fleurs recyclées en chutes de cuirs</span><br />
<span class="" title="">Doublure de haute qualité avec petites pochettes à l&rsquo;intérieur pour séparer vos petites affaires.</span><br />
<span class="" title="">Fermeture zippée avec un anse </span><span class="" title="">en métal et  un anse supplémentaire en bandouilier.</span><br />
<span class="" title="">Dimension: Largeur 38cm / Hauteur 30cm / Profondeur 9cm</span><br />
<span class="" title="">Livraison gratuite en France.</span></span></p>

<!-- This site is optimized with the Yoast SEO plugin v24.5 - https://yoast.com/wordpress/plugins/seo/ -->
<title>PRECIOUS - E-Moi</title>
<meta name="robots" content="index, follow, max-snippet:-1, max-image-preview:large, max-video-preview:-1" />
<link rel="canonical" href="https://www.emoi-france.fr/fr/produit/3180/" />
<meta property="og:locale" content="fr_FR" />
<meta property="og:type" content="article" />
<meta property="og:title" content="PRECIOUS - E-Moi" />
<meta property="og:description" content="Sac au crochet “PRECIOUS” de Solene M, recyclé à partir de capsules de canettes.  Couleur grise clair avec des fleurs recyclées en chutes de cuirs Doublure de haute qualité avec petites pochettes à l&#039;intérieur pour séparer vos petites affaires. Fermeture zippée avec un anse en métal et  un anse supplémentaire en bandouilier. Dimension: Largeur 38cm / Hauteur 30cm / Profondeur 9cm Livraison gratuite en France." />
<meta property="og:url" content="https://www.emoi-france.fr/fr/produit/3180/" />
<meta property="og:site_name" content="E-Moi" />
<meta property="article:modified_time" content="2019-06-06T09:21:10+00:00" />
<meta property="og:image" content="https://www.emoi-france.fr/wp-content/uploads/2019/06/Precious-poptabs-bag-resize.jpeg" />
	<meta property="og:image:width" content="378" />
	<meta property="og:image:height" content="526" />
	<meta property="og:image:type" content="image/jpeg" />
<meta name="twitter:card" content="summary_large_image" />
<meta name="twitter:label1" content="Durée de lecture estimée" />
	<meta name="twitter:data1" content="1 minute" />
<script type="application/ld+json" class="yoast-schema-graph">{"@context":"https://schema.org","@graph":[{"@type":"WebPage","@id":"https://www.emoi-france.fr/fr/produit/3180/","url":"https://www.emoi-france.fr/fr/produit/3180/","name":"PRECIOUS - E-Moi","isPartOf":{"@id":"https://www.emoi-france.fr/#website"},"primaryImageOfPage":{"@id":"https://www.emoi-france.fr/fr/produit/3180/#primaryimage"},"image":{"@id":"https://www.emoi-france.fr/fr/produit/3180/#primaryimage"},"thumbnailUrl":"https://www.emoi-france.fr/wp-content/uploads/2019/06/Precious-poptabs-bag-resize.jpeg","datePublished":"2019-06-06T06:18:05+00:00","dateModified":"2019-06-06T09:21:10+00:00","breadcrumb":{"@id":"https://www.emoi-france.fr/fr/produit/3180/#breadcrumb"},"inLanguage":"fr-FR","potentialAction":[{"@type":"ReadAction","target":["https://www.emoi-france.fr/fr/produit/3180/"]}]},{"@type":"ImageObject","inLanguage":"fr-FR","@id":"https://www.emoi-france.fr/fr/produit/3180/#primaryimage","url":"https://www.emoi-france.fr/wp-content/uploads/2019/06/Precious-poptabs-bag-resize.jpeg","contentUrl":"https://www.emoi-france.fr/wp-content/uploads/2019/06/Precious-poptabs-bag-resize.jpeg","width":378,"height":526},{"@type":"BreadcrumbList","@id":"https://www.emoi-france.fr/fr/produit/3180/#breadcrumb","itemListElement":[{"@type":"ListItem","position":1,"name":"Home","item":"https://www.emoi-france.fr/fr/"},{"@type":"ListItem","position":2,"name":"Boutique en ligne","item":"https://www.emoi-france.fr/fr/boutique/"},{"@type":"ListItem","position":3,"name":"PRECIOUS"}]},{"@type":"WebSite","@id":"https://www.emoi-france.fr/#website","url":"https://www.emoi-france.fr/","name":"E-Moi","description":"","potentialAction":[{"@type":"SearchAction","target":{"@type":"EntryPoint","urlTemplate":"https://www.emoi-france.fr/?s={search_term_string}"},"query-input":{"@type":"PropertyValueSpecification","valueRequired":true,"valueName":"search_term_string"}}],"inLanguage":"fr-FR"}]}</script>
<!-- / Yoast SEO plugin. -->

Sac au crochet “PRECIOUS” de Solene M, recyclé à partir de capsules de canettes.  Couleur grise clair avec des fleurs recyclées en chutes de cuirs Doublure de haute qualité avec petites pochettes à l'intérieur pour séparer vos petites affaires. Fermeture zippée avec un anse en métal et  un anse supplémentaire en bandouilier. Dimension: Largeur 38cm / Hauteur 30cm / Profondeur 9cm Livraison gratuite en France.
