{"id":10724,"date":"2020-06-05T05:33:13","date_gmt":"2020-06-04T22:33:13","guid":{"rendered":"https:\/\/www.emoi-france.fr\/product\/sac-envelop\/"},"modified":"2020-06-05T05:33:13","modified_gmt":"2020-06-04T22:33:13","slug":"sac-envelop","status":"publish","type":"product","link":"https:\/\/www.emoi-france.fr\/fr\/produit\/sac-envelop\/","title":{"rendered":"Sac Envelop"},"content":{"rendered":"<p>Sac envelop en forme rectangle<br \/>\nRecycl\u00e9 en papiers de magazines, papiers de journals, papiers de photocopie<br \/>\nDimension environ 28cm L x 14cm H x 3cm P<\/p>\n<p>Livraison gratuit en France<br \/>\nAttention: Il est presque impossible de faire deux sacs avec exactement la m\u00eame couleur car nous utilisons uniquement les papiers collect\u00e9s disponibles. Par cons\u00e9quent, il est possible que le produit exact avec la couleur comme sur la photo ait d\u00e9j\u00e0 \u00e9t\u00e9 \u00e9puis\u00e9. Si vous avez une r\u00e9f\u00e9rence de couleur, veuillez nous envoyer un message avant que nous exp\u00e9dions votre commande.<\/p>\n","protected":false},"excerpt":{"rendered":"<p>Sac envelop en forme rectangle<br \/>\nRecycl\u00e9 en papiers de magazines, papiers de journals, papiers de photocopie<br \/>\nDimension environ 28cm L x 14cm H x 3cm P<\/p>\n","protected":false},"featured_media":10721,"comment_status":"closed","ping_status":"closed","template":"","meta":[],"product_cat":[170,175],"product_tag":[608,616],"yoast_head":"<!-- This site is optimized with the Yoast SEO plugin v24.5 - https:\/\/yoast.com\/wordpress\/plugins\/seo\/ -->\n<title>Sac Envelop - E-Moi<\/title>\n<meta name=\"robots\" content=\"index, follow, max-snippet:-1, max-image-preview:large, max-video-preview:-1\" \/>\n<link rel=\"canonical\" href=\"https:\/\/www.emoi-france.fr\/fr\/produit\/sac-envelop\/\" \/>\n<meta property=\"og:locale\" content=\"fr_FR\" \/>\n<meta property=\"og:type\" content=\"article\" \/>\n<meta property=\"og:title\" content=\"Sac Envelop - E-Moi\" \/>\n<meta property=\"og:description\" content=\"Sac envelop en forme rectangle Recycl\u00e9 en papiers de magazines, papiers de journals, papiers de photocopie Dimension environ 28cm L x 14cm H x 3cm P\" \/>\n<meta property=\"og:url\" content=\"https:\/\/www.emoi-france.fr\/fr\/produit\/sac-envelop\/\" \/>\n<meta property=\"og:site_name\" content=\"E-Moi\" \/>\n<meta property=\"og:image\" content=\"https:\/\/www.emoi-france.fr\/wp-content\/uploads\/2020\/06\/@envelop-bag-newspaper.jpg\" \/>\n\t<meta property=\"og:image:width\" content=\"1654\" \/>\n\t<meta property=\"og:image:height\" content=\"1142\" \/>\n\t<meta property=\"og:image:type\" content=\"image\/jpeg\" \/>\n<meta name=\"twitter:card\" content=\"summary_large_image\" \/>\n<script type=\"application\/ld+json\" class=\"yoast-schema-graph\">{\"@context\":\"https:\/\/schema.org\",\"@graph\":[{\"@type\":\"WebPage\",\"@id\":\"https:\/\/www.emoi-france.fr\/fr\/produit\/sac-envelop\/\",\"url\":\"https:\/\/www.emoi-france.fr\/fr\/produit\/sac-envelop\/\",\"name\":\"Sac Envelop - E-Moi\",\"isPartOf\":{\"@id\":\"https:\/\/www.emoi-france.fr\/#website\"},\"primaryImageOfPage\":{\"@id\":\"https:\/\/www.emoi-france.fr\/fr\/produit\/sac-envelop\/#primaryimage\"},\"image\":{\"@id\":\"https:\/\/www.emoi-france.fr\/fr\/produit\/sac-envelop\/#primaryimage\"},\"thumbnailUrl\":\"https:\/\/www.emoi-france.fr\/wp-content\/uploads\/2020\/06\/@envelop-bag-newspaper.jpg\",\"datePublished\":\"2020-06-04T22:33:13+00:00\",\"breadcrumb\":{\"@id\":\"https:\/\/www.emoi-france.fr\/fr\/produit\/sac-envelop\/#breadcrumb\"},\"inLanguage\":\"fr-FR\",\"potentialAction\":[{\"@type\":\"ReadAction\",\"target\":[\"https:\/\/www.emoi-france.fr\/fr\/produit\/sac-envelop\/\"]}]},{\"@type\":\"ImageObject\",\"inLanguage\":\"fr-FR\",\"@id\":\"https:\/\/www.emoi-france.fr\/fr\/produit\/sac-envelop\/#primaryimage\",\"url\":\"https:\/\/www.emoi-france.fr\/wp-content\/uploads\/2020\/06\/@envelop-bag-newspaper.jpg\",\"contentUrl\":\"https:\/\/www.emoi-france.fr\/wp-content\/uploads\/2020\/06\/@envelop-bag-newspaper.jpg\",\"width\":1654,\"height\":1142},{\"@type\":\"BreadcrumbList\",\"@id\":\"https:\/\/www.emoi-france.fr\/fr\/produit\/sac-envelop\/#breadcrumb\",\"itemListElement\":[{\"@type\":\"ListItem\",\"position\":1,\"name\":\"Home\",\"item\":\"https:\/\/www.emoi-france.fr\/fr\/\"},{\"@type\":\"ListItem\",\"position\":2,\"name\":\"Boutique en ligne\",\"item\":\"https:\/\/www.emoi-france.fr\/fr\/boutique\/\"},{\"@type\":\"ListItem\",\"position\":3,\"name\":\"Sac Envelop\"}]},{\"@type\":\"WebSite\",\"@id\":\"https:\/\/www.emoi-france.fr\/#website\",\"url\":\"https:\/\/www.emoi-france.fr\/\",\"name\":\"E-Moi\",\"description\":\"\",\"potentialAction\":[{\"@type\":\"SearchAction\",\"target\":{\"@type\":\"EntryPoint\",\"urlTemplate\":\"https:\/\/www.emoi-france.fr\/?s={search_term_string}\"},\"query-input\":{\"@type\":\"PropertyValueSpecification\",\"valueRequired\":true,\"valueName\":\"search_term_string\"}}],\"inLanguage\":\"fr-FR\"}]}<\/script>\n<!-- \/ Yoast SEO plugin. -->","yoast_head_json":{"title":"Sac Envelop - E-Moi","robots":{"index":"index","follow":"follow","max-snippet":"max-snippet:-1","max-image-preview":"max-image-preview:large","max-video-preview":"max-video-preview:-1"},"canonical":"https:\/\/www.emoi-france.fr\/fr\/produit\/sac-envelop\/","og_locale":"fr_FR","og_type":"article","og_title":"Sac Envelop - E-Moi","og_description":"Sac envelop en forme rectangle Recycl\u00e9 en papiers de magazines, papiers de journals, papiers de photocopie Dimension environ 28cm L x 14cm H x 3cm P","og_url":"https:\/\/www.emoi-france.fr\/fr\/produit\/sac-envelop\/","og_site_name":"E-Moi","og_image":[{"width":1654,"height":1142,"url":"https:\/\/www.emoi-france.fr\/wp-content\/uploads\/2020\/06\/@envelop-bag-newspaper.jpg","type":"image\/jpeg"}],"twitter_card":"summary_large_image","schema":{"@context":"https:\/\/schema.org","@graph":[{"@type":"WebPage","@id":"https:\/\/www.emoi-france.fr\/fr\/produit\/sac-envelop\/","url":"https:\/\/www.emoi-france.fr\/fr\/produit\/sac-envelop\/","name":"Sac Envelop - E-Moi","isPartOf":{"@id":"https:\/\/www.emoi-france.fr\/#website"},"primaryImageOfPage":{"@id":"https:\/\/www.emoi-france.fr\/fr\/produit\/sac-envelop\/#primaryimage"},"image":{"@id":"https:\/\/www.emoi-france.fr\/fr\/produit\/sac-envelop\/#primaryimage"},"thumbnailUrl":"https:\/\/www.emoi-france.fr\/wp-content\/uploads\/2020\/06\/@envelop-bag-newspaper.jpg","datePublished":"2020-06-04T22:33:13+00:00","breadcrumb":{"@id":"https:\/\/www.emoi-france.fr\/fr\/produit\/sac-envelop\/#breadcrumb"},"inLanguage":"fr-FR","potentialAction":[{"@type":"ReadAction","target":["https:\/\/www.emoi-france.fr\/fr\/produit\/sac-envelop\/"]}]},{"@type":"ImageObject","inLanguage":"fr-FR","@id":"https:\/\/www.emoi-france.fr\/fr\/produit\/sac-envelop\/#primaryimage","url":"https:\/\/www.emoi-france.fr\/wp-content\/uploads\/2020\/06\/@envelop-bag-newspaper.jpg","contentUrl":"https:\/\/www.emoi-france.fr\/wp-content\/uploads\/2020\/06\/@envelop-bag-newspaper.jpg","width":1654,"height":1142},{"@type":"BreadcrumbList","@id":"https:\/\/www.emoi-france.fr\/fr\/produit\/sac-envelop\/#breadcrumb","itemListElement":[{"@type":"ListItem","position":1,"name":"Home","item":"https:\/\/www.emoi-france.fr\/fr\/"},{"@type":"ListItem","position":2,"name":"Boutique en ligne","item":"https:\/\/www.emoi-france.fr\/fr\/boutique\/"},{"@type":"ListItem","position":3,"name":"Sac Envelop"}]},{"@type":"WebSite","@id":"https:\/\/www.emoi-france.fr\/#website","url":"https:\/\/www.emoi-france.fr\/","name":"E-Moi","description":"","potentialAction":[{"@type":"SearchAction","target":{"@type":"EntryPoint","urlTemplate":"https:\/\/www.emoi-france.fr\/?s={search_term_string}"},"query-input":{"@type":"PropertyValueSpecification","valueRequired":true,"valueName":"search_term_string"}}],"inLanguage":"fr-FR"}]}},"_links":{"self":[{"href":"https:\/\/www.emoi-france.fr\/fr\/wp-json\/wp\/v2\/product\/10724"}],"collection":[{"href":"https:\/\/www.emoi-france.fr\/fr\/wp-json\/wp\/v2\/product"}],"about":[{"href":"https:\/\/www.emoi-france.fr\/fr\/wp-json\/wp\/v2\/types\/product"}],"replies":[{"embeddable":true,"href":"https:\/\/www.emoi-france.fr\/fr\/wp-json\/wp\/v2\/comments?post=10724"}],"wp:featuredmedia":[{"embeddable":true,"href":"https:\/\/www.emoi-france.fr\/fr\/wp-json\/wp\/v2\/media\/10721"}],"wp:attachment":[{"href":"https:\/\/www.emoi-france.fr\/fr\/wp-json\/wp\/v2\/media?parent=10724"}],"wp:term":[{"taxonomy":"product_cat","embeddable":true,"href":"https:\/\/www.emoi-france.fr\/fr\/wp-json\/wp\/v2\/product_cat?post=10724"},{"taxonomy":"product_tag","embeddable":true,"href":"https:\/\/www.emoi-france.fr\/fr\/wp-json\/wp\/v2\/product_tag?post=10724"}],"curies":[{"name":"wp","href":"https:\/\/api.w.org\/{rel}","templated":true}]}}

<p>Sac envelop en forme rectangle<br />
Recyclé en papiers de magazines, papiers de journals, papiers de photocopie<br />
Dimension environ 28cm L x 14cm H x 3cm P</p>
<p>Livraison gratuit en France<br />
Attention: Il est presque impossible de faire deux sacs avec exactement la même couleur car nous utilisons uniquement les papiers collectés disponibles. Par conséquent, il est possible que le produit exact avec la couleur comme sur la photo ait déjà été épuisé. Si vous avez une référence de couleur, veuillez nous envoyer un message avant que nous expédions votre commande.</p>

<p>Sac envelop en forme rectangle<br />
Recyclé en papiers de magazines, papiers de journals, papiers de photocopie<br />
Dimension environ 28cm L x 14cm H x 3cm P</p>

<!-- This site is optimized with the Yoast SEO plugin v24.5 - https://yoast.com/wordpress/plugins/seo/ -->
<title>Sac Envelop - E-Moi</title>
<meta name="robots" content="index, follow, max-snippet:-1, max-image-preview:large, max-video-preview:-1" />
<link rel="canonical" href="https://www.emoi-france.fr/fr/produit/sac-envelop/" />
<meta property="og:locale" content="fr_FR" />
<meta property="og:type" content="article" />
<meta property="og:title" content="Sac Envelop - E-Moi" />
<meta property="og:description" content="Sac envelop en forme rectangle Recyclé en papiers de magazines, papiers de journals, papiers de photocopie Dimension environ 28cm L x 14cm H x 3cm P" />
<meta property="og:url" content="https://www.emoi-france.fr/fr/produit/sac-envelop/" />
<meta property="og:site_name" content="E-Moi" />
<meta property="og:image" content="https://www.emoi-france.fr/wp-content/uploads/2020/06/@envelop-bag-newspaper.jpg" />
	<meta property="og:image:width" content="1654" />
	<meta property="og:image:height" content="1142" />
	<meta property="og:image:type" content="image/jpeg" />
<meta name="twitter:card" content="summary_large_image" />
<script type="application/ld+json" class="yoast-schema-graph">{"@context":"https://schema.org","@graph":[{"@type":"WebPage","@id":"https://www.emoi-france.fr/fr/produit/sac-envelop/","url":"https://www.emoi-france.fr/fr/produit/sac-envelop/","name":"Sac Envelop - E-Moi","isPartOf":{"@id":"https://www.emoi-france.fr/#website"},"primaryImageOfPage":{"@id":"https://www.emoi-france.fr/fr/produit/sac-envelop/#primaryimage"},"image":{"@id":"https://www.emoi-france.fr/fr/produit/sac-envelop/#primaryimage"},"thumbnailUrl":"https://www.emoi-france.fr/wp-content/uploads/2020/06/@envelop-bag-newspaper.jpg","datePublished":"2020-06-04T22:33:13+00:00","breadcrumb":{"@id":"https://www.emoi-france.fr/fr/produit/sac-envelop/#breadcrumb"},"inLanguage":"fr-FR","potentialAction":[{"@type":"ReadAction","target":["https://www.emoi-france.fr/fr/produit/sac-envelop/"]}]},{"@type":"ImageObject","inLanguage":"fr-FR","@id":"https://www.emoi-france.fr/fr/produit/sac-envelop/#primaryimage","url":"https://www.emoi-france.fr/wp-content/uploads/2020/06/@envelop-bag-newspaper.jpg","contentUrl":"https://www.emoi-france.fr/wp-content/uploads/2020/06/@envelop-bag-newspaper.jpg","width":1654,"height":1142},{"@type":"BreadcrumbList","@id":"https://www.emoi-france.fr/fr/produit/sac-envelop/#breadcrumb","itemListElement":[{"@type":"ListItem","position":1,"name":"Home","item":"https://www.emoi-france.fr/fr/"},{"@type":"ListItem","position":2,"name":"Boutique en ligne","item":"https://www.emoi-france.fr/fr/boutique/"},{"@type":"ListItem","position":3,"name":"Sac Envelop"}]},{"@type":"WebSite","@id":"https://www.emoi-france.fr/#website","url":"https://www.emoi-france.fr/","name":"E-Moi","description":"","potentialAction":[{"@type":"SearchAction","target":{"@type":"EntryPoint","urlTemplate":"https://www.emoi-france.fr/?s={search_term_string}"},"query-input":{"@type":"PropertyValueSpecification","valueRequired":true,"valueName":"search_term_string"}}],"inLanguage":"fr-FR"}]}</script>
<!-- / Yoast SEO plugin. -->

Sac envelop en forme rectangle Recyclé en papiers de magazines, papiers de journals, papiers de photocopie Dimension environ 28cm L x 14cm H x 3cm P
